j - 2*h + 4. Let z be 14/21 - (-230)/j. What is the units digit of z/(-19) - -17*3?
5
Let c = 17976 + -12097. What is the hundreds digit of c?
8
Let m = -17 + 11. Let d be (-3268)/(2 + m)*(0 - 1). What is the units digit of (-2)/5 - d/5?
3
Let b be -730 + (30/(-7) - 10/(-35)). Let q = -158 - b. What is the units digit of q?
6
Suppose -73*m - 78*m + 143*m + 18120 = 0. What is the thousands digit of m?
2
Let m(r) = r**2 + 11*r + 9. Let i be m(-11). Let z be (-5)/(-1)*(10 + -9). What is the units digit of 547/z - i/(-15)?
0
Suppose -76 = 2*x + 2*x. Let c be (x - -18) + 7*-13. Let g = c - -156. What is the units digit of g?
4
Let t = -13 + 16. Suppose 2*m + 0 = -4*z + 6, t*z - 7 = -2*m. Suppose 53 = k - 0*k - m*u, -5*k - 4*u = -294. What is the units digit of k?
8
Let i(g) = -g**3 + 4*g**2 - 4*g - 4. Let v be i(3). Suppose -2*a + 64 = -20. Let j = a + v. What is the tens digit of j?
3
Suppose 0 = -416*c + 12673701 - 2585285. What is the thousands digit of c?
4
Let m(o) = -14*o**3 - 2*o**2 + o - 1. Let b = -43 + 55. Suppose 5*u = 4*y + 8 - 2, -4*u + b = -5*y. What is the units digit of m(u)?
1
Let y = 8 - 5. Suppose -1339 = -y*i - 10*i. What is the hundreds digit of i?
1
Suppose -11704 + 664 = -p - 2*v, 11035 = p + 3*v. What is the units digit of p?
0
Let g(d) = 6*d**2 + 6*d + 5. Let k(c) = 8*c. Let n be k(0). Let s(y) = 6*y - 4. Let w be s(n). What is the units digit of g(w)?
7
Let t = -2721 + 15466. What is the tens digit of t?
4
Suppose 0 = -49*c + 48*c. Suppose c = 2*u - 11*u + 1197. Suppose 2*f = -5*d + 164, -3*d = -2*f + u + 15. What is the tens digit of f?
7
Let a be 6/27 + 1 + 8039/(-9). Let h = 1912 + a. What is the thousands digit of h?
1
Suppose -f + 6 = 2*g + 3, -2*f + 9 = 5*g. Let x be ((-20)/g*1)/(4/(-198)). Let y = -201 + x. What is the hundreds digit of y?
1
Suppose 950 = -30*n + 25*n. Let z = n - -900. Suppose 8*y + 2*y = z. What is the units digit of y?
1
Suppose -l = -5*i - 170 - 4409, -l + 4615 = 4*i. What is the tens digit of l?
9
Suppose 12*b - 6*b = 2*b. Let d be (1 + b)/((-1)/9). What is the hundreds digit of d*3/(-9) - -111?
1
Let q(w) = -4768*w - 1985. What is the ten thousands digit of q(-3)?
1
Suppose -51*m - 28775 = -56*m + 4*w, -5*m + 28750 = w. What is the units digit of m?
1
Let j(z) = 37*z + 21. Let f(b) = 182 - b + 176 - 357. Let h(n) = 4*f(n) - j(n). What is the tens digit of h(-3)?
0
Let i(m) = -218*m + 3593. What is the tens digit of i(-49)?
7
Let i = 41 + 49. Suppose 95*o - 985 = i*o. What is the tens digit of o?
9
Let p(r) = -r**3 - 32*r**2 + 31*r + 21. Let n(j) = -3*j**3 - 64*j**2 + 61*j + 42. Let t(o) = -3*n(o) + 7*p(o). What is the units digit of t(16)?
5
What is the thousands digit of 1185 + -1 - (22 - 35)?
1
Suppose 736906 + 774698 = 36*b. What is the hundreds digit of b?
9
Let p(r) = 4*r**2 - 18*r + 9. Let t(j) = 8*j**2 - 36*j + 19. Let y(i) = 5*p(i) - 2*t(i). What is the units digit of y(-19)?
3
Suppose 180*m - 24748 = -c + 184*m, -2*c = -5*m - 49496. What is the thousands digit of c?
4
Let x(d) = -2*d**2 + 12*d - 5. Let c = 27 + -22. Let l be x(c). What is the hundreds digit of 1/l + (-3054)/(-30)?
1
Let h = 44 - 72. Let s be (-41*(-2 - (-9)/3))/(-1). Let u = h + s. What is the tens digit of u?
1
Let v(q) = q - 16. Let r be v(8). What is the tens digit of (-590 - 1)*(-7 - r)*-1?
9
Let p = 37 + -67. Let b = p - -4. What is the hundreds digit of (-69)/2*(b/6 + 1)?
1
Let b(q) = 41*q**2 + 47*q - 27. What is the thousands digit of b(10)?
4
Let t(n) = -3981*n - 4327. What is the ten thousands digit of t(-21)?
7
Let z(d) = -d**3 + 14*d**2 + 17*d - 19. Let f be z(15). Suppose f*w - 230 = 78. Suppose -232 - w = -2*m. What is the units digit of m?
0
Suppose 18*v + 14095 - 488503 = 0. What is the units digit of v?
6
Let m be (4/(-3))/(16/(-24)). Let j be (0/m)/(5 + -2). Suppose -6*y + 4*y + 58 = j. What is the units digit of y?
9
Suppose -1008*v + 994*v = -57512. What is the hundreds digit of v?
1
Let d = -1604 + 6281. What is the thousands digit of d?
4
Let m(q) = -q**2 - 8*q + 2. Let a be m(-8). Suppose -a*y = 8*y - 100. What is the tens digit of 226 - (32/20)/(4/y)?
2
Let k be -76 - -32 - (-10)/(-2). Let j = k - -220. What is the units digit of j?
1
Let h(u) = u**3 + 5*u**2 + 5*u + 8. Let a be (-40)/(-5) - (0 - 1). Let c be (-1 - -2) + -6 - a/(-9). What is the units digit of h(c)?
4
Let v(c) = 3*c + 31. Let p be v(-5). Let x = 486 - 324. Suppose x = -p*d + 19*d. What is the tens digit of d?
5
Suppose 55*c + 27*c - 851556 = -17288. What is the tens digit of c?
7
Let d(s) = -s**3 + 15*s**2 - 11*s - 1. Let o be (24/(-5))/((-4)/10). What is the tens digit of d(o)?
9
Let r = 166 - -83. Suppose 0 = -u, 5 = 3*q - 2*u - 16. Suppose -q*i = -r + 32. What is the tens digit of i?
3
Suppose 22*q + 2605 = 61741. What is the units digit of q?
8
Let g(r) = r**3 - 8*r**2 - r + 9. Let x be g(8). Let a be x + (-10)/8 - 7619/(-76). Let d = -62 + a. What is the units digit of d?
8
Suppose 9*w + 31347 = 103554. What is the tens digit of w?
2
Let h(o) = -4*o - 6. Let y be h(6). Let r be ((-67)/(-2))/((-1)/y). Suppose r = 152*b - 147*b. What is the hundreds digit of b?
2
Let l(z) = 2*z**2 + 2*z - 16. Suppose 8 + 4 = 2*a + y, 0 = -a + y + 3. What is the tens digit of l(a)?
4
Let q(b) = 88*b**2 - 142*b + 1574. What is the tens digit of q(11)?
6
Let y = -46 - 174. Let z = -3 - y. What is the hundreds digit of z?
2
Let v = -2917 - 940. Let t = v - -5531. What is the units digit of t?
4
What is the hundreds digit of (7/14)/((-3)/(-36732))?
1
Suppose 6980 + 31558 = 4*o + 5*j, 0 = o + 2*j - 9636. Suppose 0 = 26*n + 2*n - o. What is the tens digit of n?
4
Suppose 781 = 493*c - 492*c. Let p be (278/1)/(3/(-6)). Let g = c + p. What is the tens digit of g?
2
Suppose -3*v + 9226 = w - 10408, -5*v - 39334 = -2*w. What is the units digit of w?
2
Let o(p) = -p**3 - 5*p**2 + 14*p + 9. Let y be o(-7). Let j = 34 - 28. Suppose j*q - y*q = -396. What is the hundreds digit of q?
1
Suppose r - 2 = -g + 2, 0 = 2*g - 3*r - 8. Suppose -g*u = -6*u. Suppose 6*h - 28 - 488 = u. What is the units digit of h?
6
Let h = 61797 + -28539. What is the ten thousands digit of h?
3
Suppose -27*f - 3*k - 5529 = -29*f, -2*f = k - 5517. What is the tens digit of f?
6
Suppose 7*g - 10 = 123. Let x(c) = 3 + 0 - g*c - 3. What is the units digit of x(-1)?
9
Let z be -1*1576/24*234. What is the hundreds digit of 6/9*(z/(-12) - 10)?
8
Suppose -300 = 10*k + 410. Let n = -69 - k. Suppose -2*x - n*q - 30 = -142, -2*x + 109 = 5*q. What is the units digit of x?
7
Let k = 1826 + 3354. What is the tens digit of k?
8
Suppose 60*p + 16*p = -30*p + 1124342. What is the units digit of p?
7
Let x be -6 + 10*(-267)/6. Let r = x - -671. What is the hundreds digit of r?
2
Let z = -14863 - -47489. What is the ten thousands digit of z?
3
Let a = -3788 - -6527. What is the tens digit of a?
3
Suppose 3543 = 7*o - 2*o + 2*d, -2834 = -4*o - 2*d. Suppose 3*b + 3*c - 2706 = 0, -201 = -b + c + o. What is the units digit of b?
6
Suppose 0 = h + 3*d - 5, d + 36 = 3*h - 19. What is the tens digit of 13/4*(h - 13)?
1
Let s be (6 + -9)/(1/3). Let t(i) = -i**3 - 9*i**2 - 8*i + 11. Let l be t(s). Suppose o - 106 = d + l, -4*o + 2*d = -746. What is the tens digit of o?
8
Let r(a) = -266*a + 268. Let m be r(21). What is the units digit of m/(-6) - (169/39 + -5)?
7
Let o(c) = -c**3 + 3*c**2 - 9*c + 26. Let y be o(-12). Let b = y + -1345. What is the hundreds digit of b?
9
Let h(r) = 3322*r**2 - 20*r - 9. What is the ten thousands digit of h(2)?
1
Let p = -5318 - -11637. What is the thousands digit of p?
6
Suppose 45 = -3*h + 9. Let i be -95 - (h/4 - -6). What is the units digit of i/8*(-72)/6?
7
Suppose j + 4*j - 4720 = 0. Let k = j + 163. What is the tens digit of k?
0
Suppose 2658260 - 14100990 = -230*m. What is the units digit of m?
1
Let d(q) = -q**3 + 19*q**2 - 10*q + 30. Suppose 90*v - 86*v - 48 = 0. What is the hundreds digit of d(v)?
9
Suppose -5932 + 26762 = 10*w. What is the hundreds digit of w?
0
Let w = 713 - -2006. What is the units digit of w?
9
What is the hundreds digit of (-3)/(9/(-27604)) + (-234)/(-351)?
2
Let f(x) = 8*x + 48. Let o be f(-6). Suppose -4*s = 3*d - 1947, 4*s - 3*d = -o*d + 1917. What is the units digit of s?
3
Let c(i) = 34*i - 4. Suppose -2*y = -3*h - 4*y + 4, -5*y = -4*h 